rime number?
False
Let z be 1*(-1 + (-3)/1). Let q(f) = -10*f - 2. Is q(z) a prime number?
False
Let x(u) = 2516*u + 975. Is x(13) prime?
False
Let j(l) = -29*l + 20. Let w be j(-12). Suppose -w = 3*h - 1547. Is h a composite number?
True
Suppose 5*w - f - 41 = 0, 5*w + 2*f = 5*f + 43. Suppose -w*h - 2*h + 12550 = 0. Is h composite?
True
Suppose 0 = 3*u, -4*w + 424 = -10*u + 15*u. Let h be 0/1 + 1 + -64. Let i = w + h. Is i composite?
False
Suppose 5*d - 2 = -7. Is 1914/15 + (-4)/(-10) + d composite?
False
Let a be (-301)/(-63) - (-2)/9. Suppose -221 = -3*s + g + 253, -s = -a*g - 144. Is s composite?
True
Let u = -24 - -25. Let l be 429/52 + u/(-4). Suppose 0 = -5*x + 5, -l*c + 3*c + 4010 = -5*x. Is c composite?
True
Let s(d) = 5*d - 31. Let g be s(8). Suppose g*a - 6*a = 447. Is a prime?
True
Let s = 14 + -23. Let v be 583/9 + (-2)/s. Let x = 102 - v. Is x composite?
False
Let s = 13 + -9. Suppose -3*d - 65 = -4*d. Let n = d + s. Is n composite?
True
Let q(l) = 9*l**2 + 2*l - 5. Let k be q(-3). Let n be k/21*12/10. Is 90 + -2 + n - 3 a prime number?
True
Let g(j) be the second derivative of 5*j**4/4 + 4*j**3/3 - 5*j**2 - 7*j. Is g(7) composite?
True
Suppose -190743 = -36*f + 15*f. Is f a composite number?
True
Let o be 2*(4/(24/(-15)) + 3). Is (-4)/(-2) + 820 + (0 - o) a prime number?
True
Let o(q) = q**3 - 36*q**2 + 105*q - 60. Is o(43) a prime number?
False
Suppose -2*v + 11 = -27. Suppose -v*i + 6233 = -17574. Is i a prime number?
False
Let g = -338 + -56. Let k = g - -973. Is k prime?
False
Let g = 182 - -1202. Let j = g + -981. Is j a prime number?
False
Let q(y) = 102*y**2 - 8*y. Suppose -4*z = 10 + 14. Let k be q(z). Suppose -x = 4*g - 2979, -3*g + 5*x - k = -8*g. Is g a prime number?
False
Is (-679095)/(-75) + (-4)/(-10) a prime number?
False
Suppose 0 = 4*f - 9 - 15. Is 62 - f/(-3 - -5) a prime number?
True
Let c = -83 + 82. Is (c + (-1441)/2)*2/(-3) prime?
False
Let j = -283 + 51. Suppose -2*q + 411 = -5*q. Let s = q - j. Is s prime?
False
Suppose -4 + 10 = 2*c, -5*c - 5 = -5*m. Suppose m*y - 12 = 2*u - 4, 5*y + 4 = -u. Suppose 5*n - 99 - 166 = y. Is n composite?
False
Suppose 0*d - 2*d - 2232 = -5*b, -2*b = -3*d - 895. Is ((-20)/(-40))/(1/b) prime?
True
Let r(c) = c**3 - 21*c**2 - c + 21. Let d be r(21). Let w = 39 - -118. Suppose -j = -d*j - w. Is j a prime number?
True
Let f = 1461 - 1402. Is f composite?
False
Is (-6)/(-8 + (-53382)/(-6673)) a prime number?
False
Let b = -19099 + 36110. Is b composite?
False
Let o(b) = -b + 2. Let w be o(0). Let h(c) = w*c + 3*c - c - 11*c**3 - c + 1. Is h(-3) a composite number?
True
Suppose 0 = -3*m + 12, 0 = 3*y + 2*m - 24 + 1. Suppose -5*t = h - 470, y*h - 5*t = 4*h + 500. Is h composite?
True
Suppose 469 + 3236 = 5*s. Let k be -1 - (-35)/((-14)/(-2)). Suppose s = -w + k*w. Is w prime?
False
Suppose 0 = -38*q + 65*q - 223695. Is q a prime number?
False
Let v(o) = 6*o**3 + 8*o**2 - 4*o - 23. Is v(5) prime?
True
Suppose -4*i - 2*n = -4, -5*i + 5*n = -2 - 3. Let j(s) = 33*s**3 - s + 1. Let f be j(i). Is -6*(3 + f/(-6)) prime?
False
Suppose -6 = -11*o + 8*o. Suppose -o*g - 19 = -3*z, -4*g - 13 = -5. Let y = z - -108. Is y prime?
True
Suppose 0 = d - 3*s - 56761, 0 = -2*d + 6*s - s + 113524. Is d prime?
True
Is 2570 - ((-69)/23 - 2/(-1)) a prime number?
False
Let l be ((15/5)/1)/(2/(-98)). Let g = l - -526. Is g prime?
True
Let x(r) = 37*r**2 - 20*r + 1. Let a be x(3). Let f be (-2 - -389)/3 + 2. Let h = a - f. Is h a composite number?
True
Suppose -355205 = -27*t + 8*t. Is t prime?
False
Is (-1)/(-1) - (-5 - 0 - 5501) a composite number?
False
Let q be (-2 - 1) + 7/1. Suppose i = -6*g + 2*g + 15741, q*i + 3931 = g. Is g a prime number?
False
Let a = 67330 - 36989. Is a a prime number?
True
Let c = -237 + 29. Suppose 1300 = 4*k - 2*b, 3 - 15 = -3*b. Let q = c + k. Is q a composite number?
True
Let k be (-659 - 5) + (-2 - 0). Let f = 1295 + k. Is f composite?
True
Let l(q) = -q**2 + 15*q - 4. Let j be l(15). Is (-3065)/(-6)*j/5*-3 prime?
False
Is -3*-382*2/12 a composite number?
False
Let m be (-16)/(-6) - (-1)/3. Let d(u) = 2*u + 283. Let v be d(0). Suppose -4*g = -5*o - v, 4*g = m*g - 3*o + 58. Is g prime?
True
Let z(v) = v**3 - 19*v**2 + 18*v + 3. Let j be z(18). Suppose -2*t = 2*p - 4, 0 = -0*t + j*t + 5*p - 6. Suppose -3*l = t*l - 935. Is l a prime number?
False
Let m = 104 - 102. Suppose -4*t = 2*a - 342, -5*t + m*t = -a + 191. Is a a composite number?
False
Let w(z) = 38*z - 77. Is w(12) composite?
False
Suppose w + w = -1888. Let l = w - -1872. Let f = -531 + l. Is f composite?
False
Suppose 0 = 2*a - 2 - 2. Let s = -6 + a. Is (-763)/s + (-5)/(-20) a prime number?
True
Let g(d) = 2885*d + 107. Is g(18) a composite number?
True
Let o be (-115)/(-13) - 5 - (-2)/13. Suppose -o*l + 316 = -0*l. Is l a composite number?
False
Let i be (-6)/14 + 146/14 + -2. Suppose o + 3290 = -6*s + i*s, o + 8219 = 5*s. Is s a prime number?
False
Let b(s) = -2990*s + 8. Let h be b(-3). Let r = -4785 + h. Is r prime?
False
Suppose -b + 3 = 0, -5*b - 28034 = -4*y - 1501. Is y a prime number?
True
Let p be (1 - 1) + (15 - 13). Suppose -5*f - p*m + 81 = 0, -2*f + 0*f + 2*m = -24. Is (-3)/(4/((-4460)/f)) a prime number?
True
Suppose 143887 = -35*d + 54*d. Is d prime?
True
Let l = -8 + 12. Suppose l*z = -u - 27, -44 = u - 5*z + 28. Let d = 174 + u. Is d composite?
False
Let v = -16 - -18. Suppose -3*r = v*r - 185. Is r a prime number?
True
Suppose 8*n + 69*n = 4108181. Is n composite?
False
Suppose -3*u - 13 = -8*u - 3*b, 0 = -2*u + b + 3. Suppose -u*r + 348 = 4*r. Is r a prime number?
False
Let m(b) = -b**3 - 20*b**2 + 1. Let s be m(-20). Is (s/(-2))/((-1)/614) a composite number?
False
Let z = -3 - -5. Suppose -4*o + 14 + z = 0. Is (-2)/o - (-764)/8 prime?
False
Let n(z) = -7*z**3 + z + 1. Let d be n(-1). Let s(b) = 97*b + b + 1 + 17*b + d*b. Is s(1) prime?
False
Suppose -14*c + 7409 = -39757. Is c a prime number?
False
Let v(m) = -67*m - 152. Is v(-25) composite?
False
Let o(l) = 425*l**2 + 5*l - 11. Let s(b) = 142*b**2 + 2*b - 4. Let z(m) = 6*o(m) - 17*s(m). Is z(1) a prime number?
False
Let s(p) = 3*p - 53. Let g(n) = -n + 18. Let y(j) = -8*g(j) - 3*s(j). Let m be y(11). Suppose -m*i + 199 = -29. Is i a composite number?
True
Suppose 0 = 3*p + q - 38166, -23*p - 5*q + 63600 = -18*p. Is p prime?
False
Suppose 5*u + 13*o = 16*o + 171013, 0 = 4*u + o - 136824. Is u prime?
False
Let j(r) = 2*r - 2. Let l be j(17). Is (-1)/(-4) + (-2)/(l/(-2028)) composite?
False
Let x(v) = -398*v**3 - 12*v - 21. Is x(-2) a prime number?
True
Let q(s) = -3*s**2 - 2*s + 29. Let j be q(0). Is (j/2)/((-11)/(-374)) composite?
True
Suppose -37 = -5*k - 12. Suppose -5*a - 992 = -4*c, -k*c - a + 4*a = -1240. Let w = 131 + c. Is w composite?
False
Let d = -1397 + 2193. Suppose -x = 230 - d. Is x a prime number?
False
Suppose 318 + 677 = 5*y. Let i = y + -42. Is i a prime number?
True
Let c be 12*1244*2/3. Suppose -4*d + 5*d + 5*f = 2006, -5*d + f + c = 0. Is d prime?
False
Let q = 15 + -14. Let p = q + 2. Is p a prime number?
True
Let z = 5087 - 2508. Suppose -5*j + 1636 = -z. Is j a composite number?
True
Let u = 23 + -16. Let v(m) = 6*m**2 - u - 3*m - 11*m + 42*m**2 + m. Is v(-6) a prime number?
False
Let s = 6 - 52. Is s/(1*(1 + -2)) composite?
True
Let a be (2/4)/((-15)/(-30)). Let u be (a - -1)*638/(-4). Let l = 1182 + u. Is l a prime number?
True
Suppose -6 = -4*x + x, -3*x = -2*p + 470. Let z(k) = -k**3 + 15*k**2 + 15*k + 5. Let w be z(16). Is (w + 12)/(2/p) composite?
True
Suppose -3*w + 0*w = -4407. Let y be (-6)/(-9)*(2 + (-11)/(-2)). Suppose -4*a - 1457 = -y*f, -5*f - 2*a + w = -0*f. Is f prime?
True
Let b(q) = 46*q**2 + 10*q + 16. Let o be b(-7). Suppose -r + 3*j = -o, j + 2206 = r + 4*j. Is r a composite number?
False
Let d(o) = 186*o**3 + 2*o**2 - 3*o + 2. Let i = -2 - -9. Let f = i - 6. Is d(f) prime?
False
Suppose 80*c = 72*c + 51752. Is c composite?
False
Suppose 5*w + 0*w = 0. Suppose r + 5 = i, 3*i + 2*r - 6*r - 20 = w. Suppose 5*y + 3*x = 1660, i = -3*y + x - 3*x + 995. Is y prime?
False
Let s(j) = j + 10. Let u be s(-7). Suppose -u*t = -183 - 594. Is t a prime number?
False
Let v = -170 + 212. Is v/(-28)*254/3*-1 a composite number?
False
Is 2/(2/(-7) - 67204/(-235165)) composite?
True
Let z = -10374 - -15235. Is z a